{"id":1177,"date":"2022-01-17T11:42:14","date_gmt":"2022-01-17T10:42:14","guid":{"rendered":"https:\/\/nl-design.fr\/index.php\/about\/"},"modified":"2022-04-05T18:16:01","modified_gmt":"2022-04-05T16:16:01","slug":"about","status":"publish","type":"page","link":"https:\/\/nl-design.fr\/index.php\/about\/","title":{"rendered":"Entreprise"},"content":{"rendered":"\t\t<div data-elementor-type=\"wp-page\" data-elementor-id=\"1177\" class=\"elementor elementor-1177\">\n\t\t\t\t\t\t\t\t\t<section class=\"elementor-section elementor-top-section elementor-element elementor-element-494f76ad elementor-section-full_width elementor-section-height-min-height elementor-section-items-stretch elementor-section-content-bottom elementor-section-height-default\" data-id=\"494f76ad\" data-element_type=\"section\">\n\t\t\t\t\t\t<div class=\"elementor-container elementor-column-gap-no\">\n\t\t\t\t\t<div class=\"elementor-column elementor-col-50 elementor-top-column elementor-element elementor-element-4f9af2b7\" data-id=\"4f9af2b7\" data-element_type=\"column\" data-settings=\"{&quot;background_background&quot;:&quot;classic&quot;}\">\n\t\t\t<div class=\"elementor-widget-wrap elementor-element-populated\">\n\t\t\t\t\t\t\t\t<div class=\"elementor-element elementor-element-248ddf elementor-widget elementor-widget-heading\" data-id=\"248ddf\" data-element_type=\"widget\" data-widget_type=\"heading.default\">\n\t\t\t\t<div class=\"elementor-widget-container\">\n\t\t\t<style>\/*! elementor - v3.13.3 - 22-05-2023 *\/\n.elementor-heading-title{padding:0;margin:0;line-height:1}.elementor-widget-heading .elementor-heading-title[class*=elementor-size-]>a{color:inherit;font-size:inherit;line-height:inherit}.elementor-widget-heading .elementor-heading-title.elementor-size-small{font-size:15px}.elementor-widget-heading .elementor-heading-title.elementor-size-medium{font-size:19px}.elementor-widget-heading .elementor-heading-title.elementor-size-large{font-size:29px}.elementor-widget-heading .elementor-heading-title.elementor-size-xl{font-size:39px}.elementor-widget-heading .elementor-heading-title.elementor-size-xxl{font-size:59px}<\/style><h1 class=\"elementor-heading-title elementor-size-default\">NL-Design<\/h1>\t\t<\/div>\n\t\t\t\t<\/div>\n\t\t\t\t<div class=\"elementor-element elementor-element-3cf7cd07 elementor-widget elementor-widget-heading\" data-id=\"3cf7cd07\" data-element_type=\"widget\" data-widget_type=\"heading.default\">\n\t\t\t\t<div class=\"elementor-widget-container\">\n\t\t\t<h6 class=\"elementor-heading-title elementor-size-default\">De grand bricoleur...  \u00e0 entrepreneur<\/h6>\t\t<\/div>\n\t\t\t\t<\/div>\n\t\t\t\t\t<\/div>\n\t\t<\/div>\n\t\t\t\t<div class=\"elementor-column elementor-col-50 elementor-top-column elementor-element elementor-element-550afdc\" data-id=\"550afdc\" data-element_type=\"column\">\n\t\t\t<div class=\"elementor-widget-wrap elementor-element-populated\">\n\t\t\t\t\t\t\t\t<div class=\"elementor-element elementor-element-c083c1a elementor-widget elementor-widget-image\" data-id=\"c083c1a\" data-element_type=\"widget\" data-widget_type=\"image.default\">\n\t\t\t\t<div class=\"elementor-widget-container\">\n\t\t\t<style>\/*! elementor - v3.13.3 - 22-05-2023 *\/\n.elementor-widget-image{text-align:center}.elementor-widget-image a{display:inline-block}.elementor-widget-image a img[src$=\".svg\"]{width:48px}.elementor-widget-image img{vertical-align:middle;display:inline-block}<\/style>\t\t\t\t\t\t\t\t\t\t\t\t<img width=\"2560\" height=\"1920\" src=\"https:\/\/nl-design.fr\/wp-content\/uploads\/2022\/04\/IMG_1905_NB-scaled.jpg\" class=\"attachment-full size-full wp-image-1726\" alt=\"\" loading=\"lazy\" srcset=\"https:\/\/nl-design.fr\/wp-content\/uploads\/2022\/04\/IMG_1905_NB-scaled.jpg 2560w, https:\/\/nl-design.fr\/wp-content\/uploads\/2022\/04\/IMG_1905_NB-300x225.jpg 300w, https:\/\/nl-design.fr\/wp-content\/uploads\/2022\/04\/IMG_1905_NB-1024x768.jpg 1024w, https:\/\/nl-design.fr\/wp-content\/uploads\/2022\/04\/IMG_1905_NB-768x576.jpg 768w, https:\/\/nl-design.fr\/wp-content\/uploads\/2022\/04\/IMG_1905_NB-1536x1152.jpg 1536w, https:\/\/nl-design.fr\/wp-content\/uploads\/2022\/04\/IMG_1905_NB-2048x1536.jpg 2048w, https:\/\/nl-design.fr\/wp-content\/uploads\/2022\/04\/IMG_1905_NB-1200x900.jpg 1200w, https:\/\/nl-design.fr\/wp-content\/uploads\/2022\/04\/IMG_1905_NB-1980x1485.jpg 1980w\" sizes=\"(max-width: 2560px) 100vw, 2560px\" \/>\t\t\t\t\t\t\t\t\t\t\t\t\t\t\t<\/div>\n\t\t\t\t<\/div>\n\t\t\t\t\t<\/div>\n\t\t<\/div>\n\t\t\t\t\t\t\t<\/div>\n\t\t<\/section>\n\t\t\t\t<section class=\"elementor-section elementor-top-section elementor-element elementor-element-34cc8063 elementor-section-full_width elementor-section-height-default elementor-section-height-default\" data-id=\"34cc8063\" data-element_type=\"section\">\n\t\t\t\t\t\t<div class=\"elementor-container elementor-column-gap-no\">\n\t\t\t\t\t<div class=\"elementor-column elementor-col-100 elementor-top-column elementor-element elementor-element-2115882d\" data-id=\"2115882d\" data-element_type=\"column\">\n\t\t\t<div class=\"elementor-widget-wrap elementor-element-populated\">\n\t\t\t\t\t\t\t\t<div class=\"elementor-element elementor-element-531572f7 elementor-widget elementor-widget-text-editor\" data-id=\"531572f7\" data-element_type=\"widget\" data-widget_type=\"text-editor.default\">\n\t\t\t\t<div class=\"elementor-widget-container\">\n\t\t\t<style>\/*! elementor - v3.13.3 - 22-05-2023 *\/\n.elementor-widget-text-editor.elementor-drop-cap-view-stacked .elementor-drop-cap{background-color:#69727d;color:#fff}.elementor-widget-text-editor.elementor-drop-cap-view-framed .elementor-drop-cap{color:#69727d;border:3px solid;background-color:transparent}.elementor-widget-text-editor:not(.elementor-drop-cap-view-default) .elementor-drop-cap{margin-top:8px}.elementor-widget-text-editor:not(.elementor-drop-cap-view-default) .elementor-drop-cap-letter{width:1em;height:1em}.elementor-widget-text-editor .elementor-drop-cap{float:left;text-align:center;line-height:1;font-size:50px}.elementor-widget-text-editor .elementor-drop-cap-letter{display:inline-block}<\/style>\t\t\t\t<p>Nicolas L, la quarantaine.\u00a0<\/p><p>J\u2019ai toujours \u00e9t\u00e9 curieux et tr\u00e8s manuel. Presque n\u00e9 avec un tournevis dans la main, je suis devenu bricoleur par n\u00e9cessit\u00e9, \u00e0 force de d\u00e9m\u00e9nager.<\/p><p>Mes \u00e9tudes dans les nouvelles technologies m&rsquo;\u00e9loignent peu \u00e0 peu de ces travaux manuels qui restent n\u00e9anmoins parmi mes loisirs favoris.\u00a0<\/p><p>En devenant propri\u00e9taire, je r\u00e9alise que mon bonheur ne se trouve pas dans les magasins de d\u00e9coration. Je commence peu \u00e0 peu \u00e0\u00a0<span style=\"font-size: inherit; text-align: inherit; color: var( --e-global-color-text ); font-family: var( --e-global-typography-text-font-family ), Sans-serif; font-style: var( --e-global-typography-text-font-style ); font-weight: var( --e-global-typography-text-font-weight ); letter-spacing: var( --e-global-typography-text-letter-spacing ); background-color: var( --e-global-color-6825503 );\">concevoir et r\u00e9aliser mon propre mobilier \u00e0 mon go\u00fbt et surtout \u00e0 mes mesures.\u00a0<\/span><\/p><p>\u00a0<\/p><p><span style=\"font-size: inherit; text-align: inherit; color: var( --e-global-color-text ); font-family: var( --e-global-typography-text-font-family ), Sans-serif; font-style: var( --e-global-typography-text-font-style ); font-weight: var( --e-global-typography-text-font-weight ); letter-spacing: var( --e-global-typography-text-letter-spacing ); background-color: var( --e-global-color-6825503 );\">Je r\u00e9alise que je peux mettre ce savoir-faire au service des autres. Je m\u2019entoure, afin de v\u00e9rifier la viabilit\u00e9 de ce projet professionnel et lance officiellement mon activit\u00e9 en tant qu\u2019auto-entrepreneur.<\/span><\/p><p>En 2021, apr\u00e8s plus de 15 ans d\u2019activit\u00e9 professionnelle dans les nouvelles technologies, je choisis de quitter un secteur un plein essor et mon confortable statut de salari\u00e9 pour lancer ma propre activit\u00e9.<\/p><p>L\u2019entreprenariat est certes un chemin difficile, mais je suis convaincu qu\u2019il y a encore de la place pour le travail de qualit\u00e9.\u00a0<span style=\"font-size: inherit; text-align: inherit; color: var( --e-global-color-text ); font-family: var( --e-global-typography-text-font-family ), Sans-serif; font-style: var( --e-global-typography-text-font-style ); font-weight: var( --e-global-typography-text-font-weight ); letter-spacing: var( --e-global-typography-text-letter-spacing ); background-color: var( --e-global-color-6825503 );\">Alors souhaitez-moi bonne chance dans cette aventure et si vous aimez ce que je fais, faites-le savoir autour de vous\u00a0!<\/span><\/p>\t\t\t\t\t\t<\/div>\n\t\t\t\t<\/div>\n\t\t\t\t\t<\/div>\n\t\t<\/div>\n\t\t\t\t\t\t\t<\/div>\n\t\t<\/section>\n\t\t\t\t<section class=\"elementor-section elementor-top-section elementor-element elementor-element-34ec11d elementor-section-boxed elementor-section-height-default elementor-section-height-default\" data-id=\"34ec11d\" data-element_type=\"section\">\n\t\t\t\t\t\t<div class=\"elementor-container elementor-column-gap-default\">\n\t\t\t\t\t<div class=\"elementor-column elementor-col-100 elementor-top-column elementor-element elementor-element-3adf3724\" data-id=\"3adf3724\" data-element_type=\"column\">\n\t\t\t<div class=\"elementor-widget-wrap elementor-element-populated\">\n\t\t\t\t\t\t\t\t<div class=\"elementor-element elementor-element-57cea27d elementor-widget__width-auto elementor-absolute elementor-view-default elementor-widget elementor-widget-icon\" data-id=\"57cea27d\" data-element_type=\"widget\" data-settings=\"{&quot;_position&quot;:&quot;absolute&quot;}\" data-widget_type=\"icon.default\">\n\t\t\t\t<div class=\"elementor-widget-container\">\n\t\t\t\t\t<div class=\"elementor-icon-wrapper\">\n\t\t\t<div class=\"elementor-icon\">\n\t\t\t<svg xmlns=\"http:\/\/www.w3.org\/2000\/svg\" id=\"ac939f18-d8bf-4e82-b776-4e3a06b99f10\" data-name=\"Layer 1\" width=\"161.1328\" height=\"152.6367\" viewBox=\"0 0 161.1328 152.6367\"><path d=\"M.8672,64.2305H32.8008q1.4647,12.3046-2.6367,29.0039Q22.84,121.3594.8672,125.4609V153q33.6914-4.6875,48.0469-31.7871T63.27,59.25V.3633H.8672Z\" transform=\"translate(-0.8672 -0.3633)\"><\/path><path d=\"M99.3047.3633V64.2305h31.9336q1.1718,12.3046-2.93,29.0039-7.0313,28.125-29.0039,32.2265V153q33.9843-4.1016,48.34-31.4941T162,59.25V.3633Z\" transform=\"translate(-0.8672 -0.3633)\"><\/path><\/svg>\t\t\t<\/div>\n\t\t<\/div>\n\t\t\t\t<\/div>\n\t\t\t\t<\/div>\n\t\t\t\t<div class=\"elementor-element elementor-element-68be5da elementor-blockquote--skin-clean elementor-blockquote--align-center elementor-blockquote--button-color-official elementor-widget elementor-widget-blockquote\" data-id=\"68be5da\" data-element_type=\"widget\" data-widget_type=\"blockquote.default\">\n\t\t\t\t<div class=\"elementor-widget-container\">\n\t\t\t<style>\/*! elementor-pro - v3.7.1 - 16-05-2022 *\/\n@charset \"UTF-8\";.entry-content blockquote.elementor-blockquote:not(.alignright):not(.alignleft),.entry-summary blockquote.elementor-blockquote{margin-right:0;margin-left:0}.elementor-widget-blockquote blockquote{margin:0;padding:0;outline:0;font-size:100%;vertical-align:baseline;background:transparent;quotes:none;border:0;font-style:normal;color:#55595c}.elementor-widget-blockquote blockquote:after,.elementor-widget-blockquote blockquote:before,.elementor-widget-blockquote blockquote cite:after,.elementor-widget-blockquote blockquote cite:before,.elementor-widget-blockquote blockquote footer:after,.elementor-widget-blockquote blockquote footer:before{content:\"\";content:none}.elementor-blockquote{-webkit-transition:.3s;-o-transition:.3s;transition:.3s}.elementor-blockquote__author,.elementor-blockquote__content{margin-bottom:0;font-style:normal}.elementor-blockquote__author{font-weight:700}.elementor-blockquote footer{margin-top:12px;display:-webkit-box;display:-ms-flexbox;display:flex;-webkit-box-pack:justify;-ms-flex-pack:justify;justify-content:space-between}.elementor-blockquote__tweet-button{display:-webkit-box;display:-ms-flexbox;display:flex;-webkit-transition:.3s;-o-transition:.3s;transition:.3s;color:#1da1f2;-ms-flex-item-align:end;align-self:flex-end;line-height:1;position:relative;width:-webkit-max-content;width:-moz-max-content;width:max-content}.elementor-blockquote__tweet-button:hover{color:#0967a0}.elementor-blockquote__tweet-button span{font-weight:600}.elementor-blockquote__tweet-button i,.elementor-blockquote__tweet-button span{vertical-align:middle}.elementor-blockquote__tweet-button i+span,.elementor-blockquote__tweet-button svg+span{margin-left:.5em}.elementor-blockquote__tweet-button svg{fill:#1da1f2;height:1em;width:1em}.elementor-blockquote__tweet-label{white-space:pre-wrap}.elementor-blockquote--button-skin-bubble .elementor-blockquote__tweet-button,.elementor-blockquote--button-skin-classic .elementor-blockquote__tweet-button{padding:.7em 1.2em;border-radius:100em;background-color:#1da1f2;color:#fff;font-size:15px}.elementor-blockquote--button-skin-bubble .elementor-blockquote__tweet-button:hover,.elementor-blockquote--button-skin-classic .elementor-blockquote__tweet-button:hover{background-color:#0967a0;color:#fff}.elementor-blockquote--button-skin-bubble .elementor-blockquote__tweet-button:hover:before,.elementor-blockquote--button-skin-classic .elementor-blockquote__tweet-button:hover:before{border-right-color:#0967a0}.elementor-blockquote--button-skin-bubble .elementor-blockquote__tweet-button svg,.elementor-blockquote--button-skin-classic .elementor-blockquote__tweet-button svg{fill:#fff;height:1em;width:1em}.elementor-blockquote--button-skin-bubble.elementor-blockquote--button-view-icon .elementor-blockquote__tweet-button,.elementor-blockquote--button-skin-classic.elementor-blockquote--button-view-icon .elementor-blockquote__tweet-button{padding:0;width:2em;height:2em}.elementor-blockquote--button-skin-bubble.elementor-blockquote--button-view-icon .elementor-blockquote__tweet-button i,.elementor-blockquote--button-skin-classic.elementor-blockquote--button-view-icon .elementor-blockquote__tweet-button i{position:absolute;left:50%;top:50%;-webkit-transform:translate(-50%,-50%);-ms-transform:translate(-50%,-50%);transform:translate(-50%,-50%)}.elementor-blockquote--button-skin-bubble .elementor-blockquote__tweet-button:before{content:\"\";border:.5em solid transparent;border-right-color:#1da1f2;position:absolute;left:-.8em;top:50%;-webkit-transform:translateY(-50%) scaleY(.65);-ms-transform:translateY(-50%) scaleY(.65);transform:translateY(-50%) scaleY(.65);-webkit-transition:.3s;-o-transition:.3s;transition:.3s}.elementor-blockquote--button-skin-bubble.elementor-blockquote--align-left .elementor-blockquote__tweet-button:before{right:auto;left:-.8em;border-right-color:#1da1f2;border-left-color:transparent}.elementor-blockquote--button-skin-bubble.elementor-blockquote--align-left .elementor-blockquote__tweet-button:hover:before{border-right-color:#0967a0}.elementor-blockquote--button-skin-bubble.elementor-blockquote--align-right .elementor-blockquote__tweet-button:before{left:auto;right:-.8em;border-right-color:transparent;border-left-color:#1da1f2}.elementor-blockquote--button-skin-bubble.elementor-blockquote--align-right .elementor-blockquote__tweet-button:hover:before{border-left-color:#0967a0}.elementor-blockquote--skin-boxed .elementor-blockquote{background-color:#e6e9ec;padding:30px}.elementor-blockquote--skin-border .elementor-blockquote{border-color:#e6e9ec;border-left:7px #e6e9ec;border-style:solid;padding-left:20px}.elementor-blockquote--skin-quotation .elementor-blockquote:before{content:\"\u201c\";font-size:100px;color:#e6e9ec;font-family:Times New Roman,Times,serif;font-weight:900;line-height:1;display:block;height:.6em}.elementor-blockquote--skin-quotation .elementor-blockquote__content{margin-top:15px}.elementor-blockquote--align-left .elementor-blockquote__content{text-align:left}.elementor-blockquote--align-left .elementor-blockquote footer{-webkit-box-orient:horizontal;-webkit-box-direction:normal;-ms-flex-direction:row;flex-direction:row}.elementor-blockquote--align-right .elementor-blockquote__content{text-align:right}.elementor-blockquote--align-right .elementor-blockquote footer{-webkit-box-orient:horizontal;-webkit-box-direction:reverse;-ms-flex-direction:row-reverse;flex-direction:row-reverse}.elementor-blockquote--align-center .elementor-blockquote{text-align:center}.elementor-blockquote--align-center .elementor-blockquote__author,.elementor-blockquote--align-center .elementor-blockquote footer{display:block}.elementor-blockquote--align-center .elementor-blockquote__tweet-button{margin-right:auto;margin-left:auto}<\/style>\t\t<blockquote class=\"elementor-blockquote\">\n\t\t\t<p class=\"elementor-blockquote__content\">\n\t\t\t\t\"Ceux qui travaillent bien, n'ont pas besoin de publicit\u00e9.\" <br><br> En attendant... au travail !\t\t\t<\/p>\n\t\t\t\t\t\t\t<footer>\n\t\t\t\t\t\t\t\t\t\t\t<cite class=\"elementor-blockquote__author\">-- Le patron<\/cite>\n\t\t\t\t\t\t\t\t\t\t\t\t\t\t<\/footer>\n\t\t\t\t\t<\/blockquote>\n\t\t\t\t<\/div>\n\t\t\t\t<\/div>\n\t\t\t\t\t<\/div>\n\t\t<\/div>\n\t\t\t\t\t\t\t<\/div>\n\t\t<\/section>\n\t\t\t\t\t\t\t<\/div>\n\t\t","protected":false},"excerpt":{"rendered":"<p>NL-Design De grand bricoleur&#8230; \u00e0 entrepreneur Nicolas L, la quarantaine.\u00a0 J\u2019ai toujours \u00e9t\u00e9 curieux et tr\u00e8s manuel. Presque n\u00e9 avec un tournevis dans la main, je suis devenu bricoleur par n\u00e9cessit\u00e9, \u00e0 force de d\u00e9m\u00e9nager. Mes \u00e9tudes dans les nouvelles technologies m&rsquo;\u00e9loignent peu \u00e0 peu de ces travaux manuels qui restent n\u00e9anmoins parmi mes loisirs [&hellip;]<\/p>\n","protected":false},"author":1,"featured_media":0,"parent":0,"menu_order":0,"comment_status":"closed","ping_status":"closed","template":"elementor_header_footer","meta":[],"yoast_head":"<!-- This site is optimized with the Yoast SEO plugin v19.2 - https:\/\/yoast.com\/wordpress\/plugins\/seo\/ -->\n<title>Entreprise - NL-Design<\/title>\n<meta name=\"robots\" content=\"index, follow, max-snippet:-1, max-image-preview:large, max-video-preview:-1\" \/>\n<link rel=\"canonical\" href=\"https:\/\/nl-design.fr\/index.php\/about\/\" \/>\n<meta property=\"og:locale\" content=\"fr_FR\" \/>\n<meta property=\"og:type\" content=\"article\" \/>\n<meta property=\"og:title\" content=\"Entreprise - NL-Design\" \/>\n<meta property=\"og:description\" content=\"NL-Design De grand bricoleur&#8230; \u00e0 entrepreneur Nicolas L, la quarantaine.\u00a0 J\u2019ai toujours \u00e9t\u00e9 curieux et tr\u00e8s manuel. Presque n\u00e9 avec un tournevis dans la main, je suis devenu bricoleur par n\u00e9cessit\u00e9, \u00e0 force de d\u00e9m\u00e9nager. Mes \u00e9tudes dans les nouvelles technologies m&rsquo;\u00e9loignent peu \u00e0 peu de ces travaux manuels qui restent n\u00e9anmoins parmi mes loisirs [&hellip;]\" \/>\n<meta property=\"og:url\" content=\"https:\/\/nl-design.fr\/index.php\/about\/\" \/>\n<meta property=\"og:site_name\" content=\"NL-Design\" \/>\n<meta property=\"article:modified_time\" content=\"2022-04-05T16:16:01+00:00\" \/>\n<meta property=\"og:image\" content=\"http:\/\/nl-design.fr\/wp-content\/uploads\/2022\/04\/IMG_1905_NB-scaled.jpg\" \/>\n<meta name=\"author\" content=\"admin7157\" \/>\n<meta name=\"twitter:card\" content=\"summary_large_image\" \/>\n<meta name=\"twitter:label1\" content=\"Dur\u00e9e de lecture estim\u00e9e\" \/>\n\t<meta name=\"twitter:data1\" content=\"1 minute\" \/>\n<script type=\"application\/ld+json\" class=\"yoast-schema-graph\">{\"@context\":\"https:\/\/schema.org\",\"@graph\":[{\"@type\":\"Organization\",\"@id\":\"https:\/\/nl-design.fr\/#organization\",\"name\":\"NL-Design\",\"url\":\"https:\/\/nl-design.fr\/\",\"sameAs\":[],\"logo\":{\"@type\":\"ImageObject\",\"inLanguage\":\"fr-FR\",\"@id\":\"https:\/\/nl-design.fr\/#\/schema\/logo\/image\/\",\"url\":\"https:\/\/nl-design.fr\/wp-content\/uploads\/2022\/01\/NL-design_588x69-1-e1642638387677.png\",\"contentUrl\":\"https:\/\/nl-design.fr\/wp-content\/uploads\/2022\/01\/NL-design_588x69-1-e1642638387677.png\",\"width\":399,\"height\":69,\"caption\":\"NL-Design\"},\"image\":{\"@id\":\"https:\/\/nl-design.fr\/#\/schema\/logo\/image\/\"}},{\"@type\":\"WebSite\",\"@id\":\"https:\/\/nl-design.fr\/#website\",\"url\":\"https:\/\/nl-design.fr\/\",\"name\":\"NL-Design\",\"description\":\"Mobilier bois et m\u00e9tal, sur-mesure, made in France et \u00e9co responsable\",\"publisher\":{\"@id\":\"https:\/\/nl-design.fr\/#organization\"},\"potentialAction\":[{\"@type\":\"SearchAction\",\"target\":{\"@type\":\"EntryPoint\",\"urlTemplate\":\"https:\/\/nl-design.fr\/?s={search_term_string}\"},\"query-input\":\"required name=search_term_string\"}],\"inLanguage\":\"fr-FR\"},{\"@type\":\"ImageObject\",\"inLanguage\":\"fr-FR\",\"@id\":\"https:\/\/nl-design.fr\/index.php\/about\/#primaryimage\",\"url\":\"http:\/\/nl-design.fr\/wp-content\/uploads\/2022\/04\/IMG_1905_NB-scaled.jpg\",\"contentUrl\":\"http:\/\/nl-design.fr\/wp-content\/uploads\/2022\/04\/IMG_1905_NB-scaled.jpg\"},{\"@type\":\"WebPage\",\"@id\":\"https:\/\/nl-design.fr\/index.php\/about\/#webpage\",\"url\":\"https:\/\/nl-design.fr\/index.php\/about\/\",\"name\":\"Entreprise - NL-Design\",\"isPartOf\":{\"@id\":\"https:\/\/nl-design.fr\/#website\"},\"primaryImageOfPage\":{\"@id\":\"https:\/\/nl-design.fr\/index.php\/about\/#primaryimage\"},\"datePublished\":\"2022-01-17T10:42:14+00:00\",\"dateModified\":\"2022-04-05T16:16:01+00:00\",\"breadcrumb\":{\"@id\":\"https:\/\/nl-design.fr\/index.php\/about\/#breadcrumb\"},\"inLanguage\":\"fr-FR\",\"potentialAction\":[{\"@type\":\"ReadAction\",\"target\":[\"https:\/\/nl-design.fr\/index.php\/about\/\"]}]},{\"@type\":\"BreadcrumbList\",\"@id\":\"https:\/\/nl-design.fr\/index.php\/about\/#breadcrumb\",\"itemListElement\":[{\"@type\":\"ListItem\",\"position\":1,\"name\":\"Home\",\"item\":\"https:\/\/nl-design.fr\/\"},{\"@type\":\"ListItem\",\"position\":2,\"name\":\"Entreprise\"}]}]}<\/script>\n<!-- \/ Yoast SEO plugin. -->","yoast_head_json":{"title":"Entreprise - NL-Design","robots":{"index":"index","follow":"follow","max-snippet":"max-snippet:-1","max-image-preview":"max-image-preview:large","max-video-preview":"max-video-preview:-1"},"canonical":"https:\/\/nl-design.fr\/index.php\/about\/","og_locale":"fr_FR","og_type":"article","og_title":"Entreprise - NL-Design","og_description":"NL-Design De grand bricoleur&#8230; \u00e0 entrepreneur Nicolas L, la quarantaine.\u00a0 J\u2019ai toujours \u00e9t\u00e9 curieux et tr\u00e8s manuel. Presque n\u00e9 avec un tournevis dans la main, je suis devenu bricoleur par n\u00e9cessit\u00e9, \u00e0 force de d\u00e9m\u00e9nager. Mes \u00e9tudes dans les nouvelles technologies m&rsquo;\u00e9loignent peu \u00e0 peu de ces travaux manuels qui restent n\u00e9anmoins parmi mes loisirs [&hellip;]","og_url":"https:\/\/nl-design.fr\/index.php\/about\/","og_site_name":"NL-Design","article_modified_time":"2022-04-05T16:16:01+00:00","og_image":[{"url":"http:\/\/nl-design.fr\/wp-content\/uploads\/2022\/04\/IMG_1905_NB-scaled.jpg"}],"author":"admin7157","twitter_card":"summary_large_image","twitter_misc":{"Dur\u00e9e de lecture estim\u00e9e":"1 minute"},"schema":{"@context":"https:\/\/schema.org","@graph":[{"@type":"Organization","@id":"https:\/\/nl-design.fr\/#organization","name":"NL-Design","url":"https:\/\/nl-design.fr\/","sameAs":[],"logo":{"@type":"ImageObject","inLanguage":"fr-FR","@id":"https:\/\/nl-design.fr\/#\/schema\/logo\/image\/","url":"https:\/\/nl-design.fr\/wp-content\/uploads\/2022\/01\/NL-design_588x69-1-e1642638387677.png","contentUrl":"https:\/\/nl-design.fr\/wp-content\/uploads\/2022\/01\/NL-design_588x69-1-e1642638387677.png","width":399,"height":69,"caption":"NL-Design"},"image":{"@id":"https:\/\/nl-design.fr\/#\/schema\/logo\/image\/"}},{"@type":"WebSite","@id":"https:\/\/nl-design.fr\/#website","url":"https:\/\/nl-design.fr\/","name":"NL-Design","description":"Mobilier bois et m\u00e9tal, sur-mesure, made in France et \u00e9co responsable","publisher":{"@id":"https:\/\/nl-design.fr\/#organization"},"potentialAction":[{"@type":"SearchAction","target":{"@type":"EntryPoint","urlTemplate":"https:\/\/nl-design.fr\/?s={search_term_string}"},"query-input":"required name=search_term_string"}],"inLanguage":"fr-FR"},{"@type":"ImageObject","inLanguage":"fr-FR","@id":"https:\/\/nl-design.fr\/index.php\/about\/#primaryimage","url":"http:\/\/nl-design.fr\/wp-content\/uploads\/2022\/04\/IMG_1905_NB-scaled.jpg","contentUrl":"http:\/\/nl-design.fr\/wp-content\/uploads\/2022\/04\/IMG_1905_NB-scaled.jpg"},{"@type":"WebPage","@id":"https:\/\/nl-design.fr\/index.php\/about\/#webpage","url":"https:\/\/nl-design.fr\/index.php\/about\/","name":"Entreprise - NL-Design","isPartOf":{"@id":"https:\/\/nl-design.fr\/#website"},"primaryImageOfPage":{"@id":"https:\/\/nl-design.fr\/index.php\/about\/#primaryimage"},"datePublished":"2022-01-17T10:42:14+00:00","dateModified":"2022-04-05T16:16:01+00:00","breadcrumb":{"@id":"https:\/\/nl-design.fr\/index.php\/about\/#breadcrumb"},"inLanguage":"fr-FR","potentialAction":[{"@type":"ReadAction","target":["https:\/\/nl-design.fr\/index.php\/about\/"]}]},{"@type":"BreadcrumbList","@id":"https:\/\/nl-design.fr\/index.php\/about\/#breadcrumb","itemListElement":[{"@type":"ListItem","position":1,"name":"Home","item":"https:\/\/nl-design.fr\/"},{"@type":"ListItem","position":2,"name":"Entreprise"}]}]}},"_links":{"self":[{"href":"https:\/\/nl-design.fr\/index.php\/wp-json\/wp\/v2\/pages\/1177"}],"collection":[{"href":"https:\/\/nl-design.fr\/index.php\/wp-json\/wp\/v2\/pages"}],"about":[{"href":"https:\/\/nl-design.fr\/index.php\/wp-json\/wp\/v2\/types\/page"}],"author":[{"embeddable":true,"href":"https:\/\/nl-design.fr\/index.php\/wp-json\/wp\/v2\/users\/1"}],"replies":[{"embeddable":true,"href":"https:\/\/nl-design.fr\/index.php\/wp-json\/wp\/v2\/comments?post=1177"}],"version-history":[{"count":54,"href":"https:\/\/nl-design.fr\/index.php\/wp-json\/wp\/v2\/pages\/1177\/revisions"}],"predecessor-version":[{"id":1730,"href":"https:\/\/nl-design.fr\/index.php\/wp-json\/wp\/v2\/pages\/1177\/revisions\/1730"}],"wp:attachment":[{"href":"https:\/\/nl-design.fr\/index.php\/wp-json\/wp\/v2\/media?parent=1177"}],"curies":[{"name":"wp","href":"https:\/\/api.w.org\/{rel}","templated":true}]}}